What are the prime factors of 113392?
2, 19, 373
List the prime factors of 4348.
2, 1087
List the prime factors of 27035.
5, 5407
What are the prime factors of 30083?
67, 449
What are the prime factors of 5602?
2, 2801
List the prime factors of 12333.
3, 4111
What are the prime factors of 1239?
3, 7, 59
What are the prime factors of 2943?
3, 109
What are the prime factors of 5072?
2, 317
What are the prime factors of 16855?
5, 3371
List the prime factors of 10102.
2, 5051
List the prime factors of 2382.
2, 3, 397
List the prime factors of 71086.
2, 35543
List the prime factors of 660.
2, 3, 5, 11
What are the prime factors of 21077?
7, 3011
What are the prime factors of 10029?
3, 3343
What are the prime factors of 172150?
2, 5, 11, 313
What are the prime factors of 656?
2, 41
List the prime factors of 3676.
2, 919
List the prime factors of 81277.
7, 17, 683
What are the prime factors of 51265?
5, 10253
List the prime factors of 94561.
94561
List the prime factors of 407.
11, 37
What are the prime factors of 2401?
7
List the prime factors of 93426.
2, 3, 23, 677
What are the prime factors of 182?
2, 7, 13
What are the prime factors of 1705?
5, 11, 31
What are the prime factors of 24975?
3, 5, 37
List the prime factors of 3585.
3, 5, 239
List the prime factors of 9582.
2, 3, 1597
List the prime factors of 8430.
2, 3, 5, 281
List the prime factors of 17177.
89, 193
List the prime factors of 10045.
5, 7, 41
List the prime factors of 264.
2, 3, 11
List the prime factors of 727.
727
List the prime factors of 1297.
1297
What are the prime factors of 3514?
2, 7, 251
What are the prime factors of 361?
19
What are the prime factors of 10853?
10853
List the prime factors of 61282.
2, 13, 2357
List the prime factors of 36500.
2, 5, 73
List the prime factors of 16258.
2, 11, 739
List the prime factors of 1814.
2, 907
List the prime factors of 501.
3, 167
What are the prime factors of 88698?
2, 3, 14783
What are the prime factors of 95098?
2, 17, 2797
What are the prime factors of 89698?
2, 7, 43, 149
List the prime factors of 138.
2, 3, 23
What are the prime factors of 36735?
3, 5, 31, 79
List the prime factors of 7599.
3, 17, 149
List the prime factors of 2459.
2459
List the prime factors of 20145.
3, 5, 17, 79
What are the prime factors of 6975?
3, 5, 31
List the prime factors of 28417.
157, 181
List the prime factors of 3774.
2, 3, 17, 37
List the prime factors of 33770.
2, 5, 11, 307
List the prime factors of 2667.
3, 7, 127
List the prime factors of 4543.
7, 11, 59
What are the prime factors of 46796?
2, 11699
What are the prime factors of 4670?
2, 5, 467
What are the prime factors of 34037?
101, 337
What are the prime factors of 716?
2, 179
List the prime factors of 15464.
2, 1933
List the prime factors of 87432.
2, 3, 3643
List the prime factors of 10359.
3, 1151
List the prime factors of 955.
5, 191
List the prime factors of 6040.
2, 5, 151
What are the prime factors of 1240?
2, 5, 31
What are the prime factors of 62?
2, 31
List the prime factors of 318.
2, 3, 53
List the prime factors of 142272.
2, 3, 13, 19
List the prime factors of 82521.
3, 53, 173
What are the prime factors of 9119?
11, 829
List the prime factors of 31314.
2, 3, 17, 307
What are the prime factors of 16236?
2, 3, 11, 41
What are the prime factors of 3766?
2, 7, 269
What are the prime factors of 589?
19, 31
List the prime factors of 2852.
2, 23, 31
List the prime factors of 621.
3, 23
What are the prime factors of 225?
3, 5
What are the prime factors of 151?
151
List the prime factors of 10175.
5, 11, 37
What are the prime factors of 711?
3, 79
What are the prime factors of 194794?
2, 97397
List the prime factors of 6069.
3, 7, 17
List the prime factors of 42848.
2, 13, 103
What are the prime factors of 11097?
3, 137
What are the prime factors of 101296?
2, 13, 487
List the prime factors of 7260.
2, 3, 5, 11
List the prime factors of 49854.
2, 3, 7, 1187
What are the prime factors of 105687?
3, 11743
What are the prime factors of 63719?
63719
List the prime factors of 3262.
2, 7, 233
List the prime factors of 2861.
2861
What are the prime factors of 1577?
19, 83
List the prime factors of 3468.
2, 3, 17
List the prime factors of 15812.
2, 59, 67
List the prime factors of 7150.
2, 5, 11, 13
What are the prime factors of 1831?
1831
List the prime factors of 6129.
3, 227
List the prime factors of 9660.
2, 3, 5, 7, 23
What are the prime factors of 27448?
2, 47, 73
List the prime factors of 29503.
163, 181
What are the prime factors of 346?
2, 173
List the prime factors of 10589.
10589
List the prime factors of 46709.
13, 3593
List the prime factors of 3613.
3613
List the prime factors of 638.
2, 11, 29
List the prime factors of 2029.
2029
What are the prime factors of 845?
5, 13
What are the prime factors of 41372?
2, 10343
What are the prime factors of 35472?
2, 3, 739
List the prime factors of 7.
7
What are the prime factors of 46380?
2, 3, 5, 773
What are the prime factors of 77096?
2, 23, 419
What are the prime factors of 10664?
2, 31, 43
What are the prime factors of 5079?
3, 1693
List the prime factors of 220.
2, 5, 11
What are the prime factors of 18?
2, 3
List the prime factors of 66203.
239, 277
What are the prime factors of 948?
2, 3, 79
List the prime factors of 3050.
2, 5, 61
What are the prime factors of 3547?
3547
What are the prime factors of 122967?
3, 13, 1051
List the prime factors of 35.
5, 7
What are the prime factors of 7661?
47, 163
List the prime factors of 1152.
2, 3
List the prime factors of 13358.
2, 6679
List the prime factors of 3878.
2, 7, 277
List the prime factors of 23635.
5, 29, 163
List the prime factors of 114188.
2, 28547
What are the prime factors of 5624?
2, 19, 37
List the prime factors of 21865.
5, 4373
List the prime factors of 164.
2, 41
What are the prime factors of 1296?
2, 3
List the prime factors of 22376.
2, 2797
List the prime factors of 2207.
2207
List the prime factors of 1291.
1291
What are the prime factors of 1399?
1399
List the prime factors of 7333.
7333
What are the prime factors of 1657?
1657
What are the prime factors of 27593?
41, 673
What are the prime factors of 44993?
13, 3461
What are the prime factors of 589?
19, 31
List the prime factors of 22349.
22349
List the prime factors of 2042.
2, 1021
What are the prime factors of 125300?
2, 5, 7, 179
What are the prime factors of 46043?
41, 1123
List the prime factors of 6401.
37, 173
What are the prime factors of 16531?
61, 271
List the prime factors of 658.
2, 7, 47
What are the prime factors of 30940?
2, 5, 7, 13, 17
List the prime factors of 4733.
4733
What are the prime factors of 14322?
2, 3, 7, 11, 31
What are the prime factors of 90468?
2, 3, 7, 359
List the prime factors of 2294.
2, 31, 37
What are the prime factors of 6409?
13, 17, 29
What are the prime factors of 36572?
2, 41, 223
List the prime factors of 2238.
2, 3, 373
What are the prime factors of 14195?
5, 17, 167
What are the prime factors of 255?
3, 5, 17
What are the prime factors of 22846?
2, 11423
What are the prime factors of 18646?
2, 9323
List the prime factors of 920.
2, 5, 23
List the prime factors of 840.
2, 3, 5, 7
What are the prime factors of 9000?
2, 3, 5
What are the prime factors of 30093?
3, 7, 1433
List the prime factors of 9239.
9239
What are the prime factors of 21092?
2, 5273
What are the prime factors of 42053?
11, 3823
What are the prime factors of 3928?
2, 491
What are the prime factors of 609?
3, 7, 29
What are the prime factors of 556?
2, 139
List the prime factors of 665.
5, 7, 19
List the prime factors of 2282.
2, 7, 163
What are the prime factors of 2665?
5, 13, 41
List the prime factors of 50427.
3, 13, 431
List the prime factors of 1279.
1279
What are the prime factors of 6574?
2, 19, 173
List the prime factors of 60109.
7, 31, 277
What are the prime factors of 5366?
2, 2683
What are the prime factors of 164146?
2, 82073
List the prime factors of 76983.
3, 67, 383
What are the prime factors of 739?
739
List the prime factors of 62256.
2, 3, 1297
What are the prime factors of 1506?
2, 3, 251
List the prime factors of 27315.
3, 5, 607
What are the prime factors of 25172?
2, 7, 29, 31
List the prime factors of 5567.
19, 293
What are the prime factors of 553?
7, 79
List the prime